1 - (-14 + 29)).
10
What is 23 + (1 - 0) - (-490 - -504)?
10
What is -17 + 2 + -9 + -12 + 28?
-8
What is the value of 3 - ((-11 - -14) + -2)?
2
Calculate 5 + -9 - (-6 + (13 - -4) - 9).
-6
What is (-10 - -17 - -7) + -8 - (0 - 3)?
9
Evaluate 68 - (57 + 6) - (1 - 2 - -11).
-5
Evaluate -14 - 1 - (-4 - 5) - -1.
-5
-11 - (15 + (-4 - 8) - 13)
-1
What is the value of -2 - -1 - (2 + (35 - 28))?
-10
What is -58 + 55 + 0 + -3?
-6
What is the value of 8 - (-11 + (17 - (5 - 0)))?
7
Calculate (6 - (19 + 2) - (0 - 6)) + -5.
-14
-20 - (7 - 0 - (-16 + 8 - -17))
-18
What is -3 - ((11 - 7 - -3) + 1 + -24)?
13
What is -27 + (1 - (12 + 4)) + 19?
-23
What is 273 - 230 - (31 + -1)?
13
What is the value of -6 - (-4 + 10 + -12)?
0
What is the value of -17 - (1 - (-6 + (7 - -5) - -2))?
-10
What is the value of (34 - (1 + -1)) + (-52 - (17 + -60))?
25
1 - (17 + -9) - (1 - 4)
-4
Evaluate 26 + 2 + 13 + -77.
-36
-1 + 13 + -7 - (-3 + -1)
9
Calculate -22 - (8 + (-7 - 7) - 3).
-13
-3 + -14 + (10 - 0 - 3)
-10
-10 + -4 + -5 - 3
-22
Calculate 4 + (2 - (-17 - -4)) + 11.
30
What is -12 - 0 - (-386 + 380)?
-6
What is -25 - (-4 + 0 + 11 + (13 - 29))?
-16
Evaluate 35 - 42 - (6 - 9 - 13).
9
Evaluate -4 + -8 - (-37 - -31).
-6
-15 + (3 - -1 - (12 + -16))
-7
Calculate -6 - (3 + (-2 - -3) + 4 + 1).
-15
What is the value of 9 + (29 - 36 - (6 - -1))?
-5
Evaluate 8 - (-3 + (2 - 3) + 5).
7
Calculate -2 + 7 + (3 - -3 - (8 + -1)).
4
Evaluate (-2 - -22) + 693 + -730.
-17
What is the value of (7 - (-9 - (12 + -9 - 35))) + -6?
-22
Calculate (27 - -14) + -59 + 10.
-8
Calculate 27 + -26 + -2 + 3 + -7.
-5
What is the value of (7 - (-6 + 10)) + -7 - (-1 + 5)?
-8
1 + 2 + -2 - 14 - 0
-13
What is 11 + (19 - (3 - -10)) + 2?
19
Evaluate 9 - (5 - 17 - -10).
11
Calculate 24 + -7 + -42 - -17.
-8
Calculate 28 - (2 + -1) - (-1513 - -1532).
8
8 + -37 + -14 + 31
-12
(-1 - -6) + 86 + -91
0
What is -6 + 3 + -3 - -12 - 7?
-1
Calculate 722 + -699 - (-1 - -33).
-9
What is 14 - 0 - (10 - (5 - -8) - -2)?
15
Evaluate (1 - 0) + 14 + (-3 - 5) + 6.
13
7 + 0 - (46 + -34) - (1 - 13)
7
-3 + (-12 - -18) + -6 + (-1 - 2)
-6
Evaluate -9 + (2 - -2) + 9 + -1.
3
(-21 + 10 - (-29 - -10)) + -18 + 2
-8
Evaluate -1 - (-27 - 1 - (-20 - -16) - -6).
17
Calculate 8 - (0 - (-11 + (1 - 1))).
-3
What is (-132 - -108) + 2 + 0 + 5?
-17
Calculate 6 - (-3 + 9) - (-7 + -1).
8
What is 4 - (0 - -10) - 4 - -24?
14
Evaluate -5 - (3 + -8 - -4) - 7.
-11
Calculate -1 + 10 - (2 - -4) - -7 - 2.
8
Calculate 0 + -15 + -296 + 308 - (-20 - 0).
17
What is 1 - (-5 - 1 - (35 + -49))?
-7
11 + -1 + 0 + (-107 - -210 - 122)
-9
What is 0 - (0 + -1) - (15 + 4 + -21)?
3
What is the value of -30 + (-22 + 20 - -21)?
-11
Calculate 9 - -2 - (36 - 10 - 18).
3
Calculate 24 + -26 + (22 - 0).
20
What is -3 + -22 - (31 + -44)?
-12
What is 9 + 3 + (0 - -1) + (23 - 21)?
15
Evaluate (13 - -1 - 1) + -2.
11
What is -13 + -11 + (7 - (0 + 6) - -8)?
-15
What is the value of 3 - (0 + -3 - (16 + -15) - -7)?
0
(1 - -6) + ((-16 - -6) + 0 - -9)
6
Calculate -106 - -97 - (-5 - (-2 - -1)).
-5
What is the value of 923 + -961 + 33 + 2?
-3
What is 10 + -12 + -4 + 24?
18
Evaluate (-1 - (2 + 5)) + (-2 - (2 + -6)).
-6
What is the value of (-3 - 1) + 15 + (19 - 20) + 4?
14
What is the value of 0 + 33 - (65 - 35 - 22)?
25
What is the value of -15 + 3 + 3 + 1?
-8
What is the value of (22 - 40) + 23 + -26?
-21
Evaluate (6 - 0) + (-21 - (-6 + -8)) - -1.
0
Calculate -8 + 5 - (-4 - 2 - (9 - 7)).
5
What is the value of 9 - (-5 - (5 - 7))?
12
Calculate -65 + 80 - (5 - 9 - 0).
19
What is the value of -5 + 5 - ((11 - -9) + -27)?
7
What is the value of 4 + -6 + 1 + (5 - 2)?
2
6 - (1 + (7 - 6 - 8))
12
Calculate -1 - -3 - (3 - (2 - -5)).
6
Calculate 272 + -278 + 1 + -12.
-17
Evaluate -16 + -1 - ((-7 - -30) + -28).
-12
What is (-29 - (-29 + 14)) + 23?
9
What is the value of -34 - ((2 - 16) + 16) - (-2 + -5)?
-29
What is 2 - 10 - (24 + -42)?
10
(79 - 79) + 0 + 4
4
What is the value of 0 + -12 + 21 - (-5 + 4 + 0)?
10
Evaluate (1 - 1) + 3 + (-106 - -109) + -16.
-10
What is -11 + 7 + (-19 - 21) + 8?
-36
What is the value of -11 - ((-4 + 0 - (11 - 6)) + 5)?
-7
Calculate 18 - (-29 - -24) - 20.
3
Evaluate -1 + (-2 - -9 - 9) - -2.
-1
Evaluate 8 + 0 - 3 - -2.
7
What is -21 + -29 + 81 - -6?
37
What is the value of 228 - 233 - (-1 - 30)?
26
Calculate (2 - (0 - -8)) + -3.
-9
-3 - ((13 - (50 + -15)) + 3 + 1)
15
-29 + (17 - 5) + 3 + 33
19
(-20 - -19 - (-1 + -8)) + -1
7
Calculate 24 + 10 + 9 + (-21 - 1).
21
Evaluate (3 - -1) + -1 + (-131 - 81) + 220.
11
Evaluate -4 + 6 + -18 + (5 - (5 - 4)).
-12
What is 13 + (-13 - (4 + 4)) - (1 + 5)?
-14
Evaluate 0 + -15 + (57 - 82) + 35.
-5
3 + (-196 - -189) + (-2 - -21)
15
What is 4 + (-21 - (13 + -10)) + 10?
-10
Calculate -250 - -238 - (-2 - 31).
21
-2 + 0 + -129 + 133
2
Calculate 19 - -5 - (-83 - -82).
25
What is (-22 - (31 + -22)) + 15?
-16
4 + -4 + 13 + (-5 - (-9 - -4))
13
Evaluate -7 - (-1 + 4 + -11).
1
What is 29 - (16 + (-15 - -26))?
2
What is the value of -15 + (-4 - (12 + -10))?
-21
Calculate -39 - (5 - 41) - 14.
-17
Evaluate (8 - 5) + 29 + -31.
1
9 - (10 + 4) - 1
-6
42 + 13 + -39 + -1
15
What is the value of -13 - (16 + -24) - 10?
-15
6 + (-29 + 22 - -7)
6
-9 + 22 - 10 - (-2 - -13)
-8
Calculate (20 - 2 - 13) + (0 - -6).
11
What is 10 + 1 + (-63 - -23) + 25?
-4
What is (17 - 26 - -9) + (-1 - -8)?
7
Evaluate -4 + -2 + (6 - (-3 + (9 - -2))).
-8
What is -4 - -9 - (3 - 0 - 6)?
8
What is the value of 1 + -4 - (0 - -5 - (4 + 12))?
8
Evaluate (21 - (8 + 3)) + -3 - (10 - -1).
-4
Calculate (4 - -1) + -13 + 5 - -3.
0
What is 6 - (-2 + (-7 - -9))?
6
Evaluate (4 - (0 - -1)) + (-9 - 3).
-9
What is the value of 1 - -6 - (-291 + 288) - 26?
-16
Evaluate (-17 - -26) + -16 - -8.
1
What is the value of -45 + -4 + 13 + 64?
28
-1 + -27 - (482 + -490)
-20
3 + (-30 - -2 - (-6 - 3)) + 3
-13
Calculate -2 + (8 - (11 + 1 + -6)) + 2.
2
Evaluate -2 + (6 + -9 - 1) + 1 + -1.
-6
13 - (6 - -2) - (-5 + 9 + -4)
5
What is the value of -5 + (-5 - 3) + 14?
1
What is the value of -36 - -1 - (3 - 4 - (-29 + 30))?
-33
Evaluate (42 - 7 - 14) + -13 + 4.
12
(-10 - -1) + (-45 - -45) + 41
32
What is (9 - (4 + -8)) + (72 - 51)?
34
-121 - -126 - (1 + (-3 - -2 - -20))
-15
Calculate -1 - ((-11 - -21 - -29) + -13).
-27
Calculate -1 + (0 - 1) + (2 + 14 - 19).
-5
19 - ((-14 - -19) + (-2 - 1))
17
Calculate 4 + (-10 - 0) - (-147 - -153).
-12
What is the value of 5 - (8 + -5 + 5) - 8?
-11
328 + -319 - (-11 - 1)
21
Evaluate -1 + 11 + (-12 - -46 - 36).
8
Evaluate -4 - (-5 + 0 + 0 - -1).
0
Calculate -30 - (29 - 40 - (-15 + 10)).
-24
6 - ((20 - 2) + -15) - (-1 - -7)
-3
(-67 - -87) + -15 + 1 - (1 - -3)
2
What is -7 - ((-2 - -5) + (-17 - (-13 - -5)))?
-1
Calculate -1 + 17 + 87 + -95.
8
What is the value of 1527 + -1481 + (-1 - 42)?
3
Calculate 1 + -2 + 3 - (-21 - -27).
-4
What is -1 - -1 - (1 + -9 - -1)?
7
(-4 + 1 - 3) + -59 + 63
-2
8 + (10 + 2 - (-14 - -22))
12
What is 2 + 5 + 72 + -68?
11
Calculate 21 + -12 + (-5 + 12 - 1) + -2.
13
What is -13 + 3 - -7 - 8?
-11
What is 1 + -2 + 133 + -122 + 8 + -1?
17
Calculate 1 + 3 + (-12 - -6 - (-3 - 4)).
5
Evaluate -3 + 5 - 10 - (-3 - 10).
5
What is the value of (26 - 9) + (3 - 31)?
-11
What is 1 + 17 + (-9 - 14)?
-5
Calculate 4 - (-3 - -8) - (41 - 58).
16
Evaluate -1 + -6 + 11 - (-5 - (-3 - 17)).
-11
10 + -10 - (-8 + -6)
14
Calculate (-19 - -15) + (3 + -5 + 4 - 7).
-9
Calculate (24 - (31 + -6)) + 1.
0
What is the value of -16 - (-45 + (-7 - -33))?
3
-23 + -4 + 31 + 9
13
What is (4 - -2) + ((2 - 6) + -4 - 7)?
-9
Calculate -4 + (-28 - -21) + 18.
7
What is (-1 - 1 - (4 + (14 - 7))) + 3?
-10
What is the value of 2 - (-10 - -7) - (-25 + 18)?
12
Calculate 5 + -1 + -14 - (-6 - 13).
9
Evaluate (2 - -16 - (366 + -326)) + -18.
-40
What is the value of (42 - 57) + (4 - (-4 + 5) - -4)?
-8
Calculate (5 - 7) + 4 - 1.
1
What is the value of 18 + (6 - (25 + -17))?
16
What is the value of 53 + -43 + -1 + -2 + 1 - 26?
-18
What is -19 - -3 - (-15 + 31 + -16)?
-16
Evaluate (-24 - (-24 + -5)) + -15.
-10
What is -5 - 22 - -10 - -17?
0
What is 6 - -4 - 40 - (-3 - (5 - 3))?
-25
What is the value of 23 + (-2 - 47 - -16)?
-10
What is the value of 15 + -4 + -11 - 3?
-3
Calculate (21 - -6) + (64 - 107).
-16
Evaluate (-399 - -416) + -1 + (-1 - -5) - 0.
20
What is the value of 22 + 2 + -2 - (4 - (1 - 3))?
16
Calculate (-8 - (8 + -7